4*d + 4*m + 9 = 49. Let h = d - -29. What is the highest common factor of h and i?
3
Let a = -40 + 94. Calculate the highest common divisor of a and 6.
6
Let i(b) = -4*b**3 - b**2 - b. Let k be i(-2). Let s be 3/((-6)/160*-2). Suppose -3*c - s = -5*c. Calculate the highest common divisor of c and k.
10
Suppose 217 = u + 2*f, 5*u = 2*f + 365 + 768. What is the greatest common factor of u and 25?
25
Let g be ((-10)/(-25))/(((-2)/5)/(-2)). Suppose -20 = -0*z + 5*z. Let c(l) = -l**3 - 4*l**2 + 1. Let h be c(z). What is the greatest common divisor of h and g?
1
Let z(x) = 24*x. Suppose -2*v + 3 + 3 = 0. Let h be z(v). Suppose 5*t - 1 = b - 30, 4*t + 7 = -b. What is the highest common divisor of h and b?
9
Let f(s) = s. Let o be f(-3). Let a = o - -5. Suppose 3*c = a*c + 14. Calculate the highest common factor of 98 and c.
14
Suppose 0*a - y = 2*a - 9, 5*y = -3*a + 10. Let n(v) = 12*v**2 + v - 3*v**2 + 32*v**2. Let f be n(-1). Calculate the highest common divisor of a and f.
5
Suppose -m + 25 = 4*m. Calculate the highest common factor of m and 2.
1
Let y = 6 - -4. Suppose 2*w = 2*h + y, 0 = -2*w - 3*h + h + 2. Let s be 20/3 - (-2)/(-3). What is the greatest common divisor of w and s?
3
Suppose 13*h = -126 + 646. Let x be (-3 + 0)*(-2 + 1). Suppose 4 = x*p - 11. Calculate the greatest common divisor of h and p.
5
Let h(g) = -2*g + 1. Let z = -1 + 0. Let t = z + -5. Let b be h(t). What is the greatest common divisor of b and 26?
13
Suppose 3*j = 4*f + 12, -2*j - 4*f + 3*f = -19. What is the greatest common factor of j and 2?
2
Let v(d) = 2*d - 1. Let x be v(6). Suppose -5*f + x = -4. Suppose f*o = -o + 48. Calculate the greatest common factor of o and 96.
12
Let z(m) = -9*m - 15. Let q be z(-10). Calculate the highest common divisor of q and 30.
15
Let t = -57 + 67. Calculate the greatest common divisor of t and 90.
10
Let o = -6 + 4. Let y be (3/o)/(3/(-40)). Suppose -5*j = 2*i + 2, j + 6 = 3*i - 2*i. Calculate the greatest common divisor of y and i.
4
Let w(p) = 5*p**3 - 5*p**2 + 3. Let r be w(2). What is the highest common divisor of r and 46?
23
Let v be (-3)/(-3)*(2 - -3). Calculate the greatest common factor of 1 and v.
1
Let g(h) = -h**2 + 2*h + 4. Let f be g(3). Let a = 12 - f. What is the highest common divisor of a and 44?
11
Let k be -6*4/16*-2. Suppose 232 = k*l - 38. Calculate the highest common divisor of l and 10.
10
Let h = -61 - -86. Let v be (-4)/6 + (-99)/(-27). Suppose 7 + v = 2*k. What is the greatest common divisor of k and h?
5
Suppose 6*i - 402 = 3*i. Let g be 38*-2*1/2. Let u = g + i. What is the greatest common divisor of u and 12?
12
Let m(b) = -10*b + 3. Let z(t) = 3*t - 1. Let n(f) = 3*m(f) + 8*z(f). Let h be n(-6). Let d be 2/(-8) - h/(-4). Calculate the highest common factor of 3 and d.
3
Suppose -2*h + 5*z = -70, 0 = -3*h - 3*z + 2 + 82. Suppose -d + 1 = 3*d - 3*t, -5*d + h = 2*t. What is the greatest common divisor of d and 4?
4
Suppose -61 - 69 = -5*x. What is the highest common divisor of x and 65?
13
Let g = 3 + 2. Let a(y) be the first derivative of y**4/4 + y**3/3 - y**2/2 - 5. Let p be a(2). Calculate the greatest common divisor of p and g.
5
Suppose -49 = -3*u - 2*u + 3*a, 2*u = 5*a + 31. Let z be (-6 - -12)*(-32)/(-3). What is the greatest common factor of u and z?
8
Let i be 387/11 + 8/(-44). Calculate the greatest common divisor of 10 and i.
5
Suppose -6*f = -3*f - 225. What is the highest common factor of 25 and f?
25
Let v be 23047/171 - (-2)/9. Calculate the greatest common divisor of 54 and v.
27
Let n(o) = -o**3 - 6*o**2 + o + 3. Let c be n(-6). Let v be 8*3 - -3 - c. Calculate the highest common divisor of 300 and v.
30
Let c = 179 + -104. Let n(m) = m**2 + 4*m + 3. Let f be n(-6). Calculate the highest common divisor of f and c.
15
Let h = 76 - 134. Let o be (-6)/3 + h + 1. Let y = 169 + o. Calculate the greatest common factor of y and 10.
10
Let i(r) = r**3 + 3*r**2 - 3*r - 2. Let k be i(-3). Let l(o) = o + 2. Let h be l(5). Calculate the highest common divisor of h and k.
7
Suppose 0 = -3*s + 5 + 1. Let z be 2/(-6)*s*-75. Suppose -36 = -3*l + l + 2*v, -v + 102 = 5*l. Calculate the highest common factor of l and z.
10
Suppose 3*l - 192 = 3. What is the highest common factor of l and 260?
65
Let j = 59 + -32. Let y = j + 1. Calculate the highest common divisor of 4 and y.
4
Let l(c) = -33*c - 2. Let p be l(-2). Let a = 154 - p. What is the highest common divisor of a and 10?
10
Suppose o = 0, -66 = -5*m + 3*o - 6. Calculate the highest common factor of m and 108.
12
Let z be 5/(-4) - (-1)/4. Let h(v) = 89*v**2 + 1. Let t be h(z). Suppose -2*x + 50 + 10 = -3*p, 140 = 4*x - p. Calculate the greatest common divisor of x and t.
18
Suppose 2*i - 2 = -0*i. Let s(y) = 5*y + 1. Let d be s(i). Let u(m) = m**2 - 3*m - 5. Let r be u(d). What is the highest common factor of 52 and r?
13
Let d be (-45)/(-7 + 3 - -3). Suppose -d = -2*q - q. Calculate the highest common factor of q and 60.
15
Let g = 3 - 2. Suppose m = 2 - g. Let k be 2 + 2/2 + 1. Calculate the greatest common divisor of m and k.
1
Let t be 2 + (-1)/(4/(-104)). Calculate the highest common factor of t and 70.
14
Let c = 2 - -14. What is the highest common divisor of c and 48?
16
Let q be (35/14)/(2/(-4)). Let p be 2/q + (-2804)/(-10). Suppose p = 4*y - 0*y. Calculate the greatest common divisor of y and 10.
10
Let v(c) = -25*c - 3. Let h be v(-1). Suppose -q + 41 = 4*w - 4*q, 0 = -4*w + q + 43. Calculate the greatest common divisor of w and h.
11
Suppose -2*t = 7 + 1. Let b(j) = -3*j - 4. Let q be b(t). Suppose -2*d = -8, -5*d = v - q*d + 9. What is the greatest common divisor of 3 and v?
3
Let y be (-1)/3*(-9 + -6). Calculate the highest common factor of 10 and y.
5
Suppose -5*p + 2*g = 28 - 297, 0 = 2*p + 3*g - 119. Let a = 7 + -2. What is the greatest common factor of p and a?
5
Suppose 4*i = 5*i - 96. Let m(k) = -k + 25. Let z be m(13). What is the highest common factor of i and z?
12
Suppose -43 = -4*d + 5. Let o = 0 + d. What is the highest common divisor of o and 108?
12
Suppose -3*t - 2*t = -180. Calculate the highest common factor of t and 54.
18
Let x = -776 - -1451. Suppose -4*c + x = c. Calculate the greatest common factor of c and 15.
15
Suppose -4*b = -2*b - 360. Calculate the highest common factor of 20 and b.
20
Let f(b) = -b**2 - 11*b - 6. Let u be f(-9). Let y be (-4)/(-6) - (-784)/u. What is the highest common divisor of y and 6?
6
Let g = 42 + -19. What is the highest common divisor of 46 and g?
23
Let v be 3 + 1 - (0 + -3 - -1). Suppose 2*g - 4*g + 48 = 0. Calculate the greatest common divisor of g and v.
6
Let q be (-12)/20 - 43/(-5). What is the highest common divisor of q and 64?
8
Suppose 4*d - 3*j - 2*j - 49 = 0, 0 = 4*j - 12. Suppose 2*k - 10 - d = 0. Calculate the greatest common factor of 117 and k.
13
Suppose 34 = 2*y - 26. Let p(t) = -t**2 + 2*t + 454. Let r be p(0). Let m be r/6 + (-40)/60. Calculate the greatest common factor of m and y.
15
Let f be (1 + (-8)/12)*0 - -99. What is the greatest common factor of f and 66?
33
Let v(q) be the second derivative of 1/12*q**4 + 1/6*q**3 + 3*q**2 + 4*q + 0. Let h be v(-6). What is the highest common factor of h and 54?
18
Suppose 27 = h + 4*l - 0*l, h - 3*l - 13 = 0. Calculate the highest common divisor of 19 and h.
19
Suppose 3*o - 15 = -0*o, 5 = -2*s + 3*o. Calculate the highest common factor of s and 5.
5
Let a(j) = j**2 + 7*j + 9. Let d be a(-6). Suppose 2*r + 128 = 3*p, -d + 0 = 3*r. Calculate the greatest common factor of p and 6.
6
Let h = -114 + 387. Let m = h + -189. What is the highest common divisor of 12 and m?
12
Suppose 4 = 3*o + 1. What is the highest common factor of o and 5?
1
Suppose -17 + 2 = -3*f. Let s = f + -2. Suppose 0 = o + s*o - 80. Calculate the greatest common divisor of 180 and o.
20
Let r(t) = -9*t - 4. Let i = 2 + -8. Let f be r(i). Calculate the highest common divisor of f and 20.
10
Let v(j) = -j**2 - 20*j - 50. Let b be v(-13). What is the greatest common divisor of b and 41?
41
Suppose -5*c + 8 = -42. What is the greatest common divisor of 20 and c?
10
Let x be (-4)/22 - 501/(-33). What is the greatest common divisor of x and 6?
3
Suppose 2*o + 3*w = 28, -2*w - 46 = -4*o - 3*w. Suppose l = 45 + o. What is the greatest common divisor of 7